 when 55004 is divided by 19.
18
What is the remainder when 408107 is divided by 284?
283
What is the remainder when 390136 is divided by 130040?
16
What is the remainder when 100884 is divided by 146?
144
Calculate the remainder when 78127 is divided by 630.
7
What is the remainder when 35537 is divided by 5896?
161
Calculate the remainder when 5956 is divided by 508.
368
What is the remainder when 195605 is divided by 631?
626
What is the remainder when 4150 is divided by 1360?
70
What is the remainder when 1151 is divided by 228?
11
What is the remainder when 462119 is divided by 221?
8
What is the remainder when 350050 is divided by 12?
10
Calculate the remainder when 266755 is divided by 95.
90
What is the remainder when 51373 is divided by 191?
185
What is the remainder when 67705 is divided by 2184?
1
Calculate the remainder when 22668 is divided by 493.
483
Calculate the remainder when 1467792 is divided by 53.
10
Calculate the remainder when 44196 is divided by 48.
36
Calculate the remainder when 126375 is divided by 142.
137
Calculate the remainder when 62089 is divided by 291.
106
Calculate the remainder when 766061 is divided by 1016.
1013
Calculate the remainder when 75063 is divided by 61.
33
What is the remainder when 149589 is divided by 37385?
49
What is the remainder when 18417 is divided by 78?
9
Calculate the remainder when 165408 is divided by 244.
220
What is the remainder when 442 is divided by 95?
62
Calculate the remainder when 2613 is divided by 774.
291
Calculate the remainder when 40454 is divided by 345.
89
What is the remainder when 228132 is divided by 10863?
9
Calculate the remainder when 9383 is divided by 556.
487
Calculate the remainder when 95985 is divided by 79.
0
Calculate the remainder when 67360 is divided by 620.
400
What is the remainder when 4133 is divided by 24?
5
What is the remainder when 16250 is divided by 206?
182
Calculate the remainder when 4088 is divided by 1384.
1320
What is the remainder when 1435972 is divided by 77?
76
Calculate the remainder when 2618 is divided by 157.
106
What is the remainder when 954 is divided by 787?
167
Calculate the remainder when 1086 is divided by 343.
57
Calculate the remainder when 6576 is divided by 512.
432
What is the remainder when 1330 is divided by 411?
97
Calculate the remainder when 31870 is divided by 722.
102
What is the remainder when 888732 is divided by 398?
396
What is the remainder when 2174559 is divided by 78?
75
What is the remainder when 7228 is divided by 83?
7
Calculate the remainder when 20985 is divided by 2623.
1
What is the remainder when 1015003 is divided by 507498?
7
Calculate the remainder when 12345 is divided by 2055.
15
Calculate the remainder when 53439 is divided by 32.
31
What is the remainder when 14847 is divided by 17?
6
What is the remainder when 33783 is divided by 4219?
31
What is the remainder when 53708 is divided by 632?
620
What is the remainder when 42520 is divided by 6?
4
Calculate the remainder when 152423 is divided by 175.
173
What is the remainder when 49341 is divided by 16?
13
What is the remainder when 39664 is divided by 97?
88
What is the remainder when 9946 is divided by 30?
16
Calculate the remainder when 128864 is divided by 21477.
2
Calculate the remainder when 662836 is divided by 26513.
11
What is the remainder when 142182 is divided by 9478?
12
What is the remainder when 263226 is divided by 1343?
1341
Calculate the remainder when 145592 is divided by 79.
74
What is the remainder when 12141 is divided by 44?
41
Calculate the remainder when 1686910 is divided by 573.
571
What is the remainder when 111790 is divided by 34?
32
Calculate the remainder when 183 is divided by 109.
74
Calculate the remainder when 155220 is divided by 289.
27
Calculate the remainder when 7050 is divided by 82.
80
Calculate the remainder when 2080 is divided by 687.
19
Calculate the remainder when 5732 is divided by 630.
62
Calculate the remainder when 7387 is divided by 11.
6
What is the remainder when 13921 is divided by 557?
553
What is the remainder when 10382 is divided by 190?
122
What is the remainder when 7118407 is divided by 11?
10
Calculate the remainder when 18743 is divided by 1703.
10
What is the remainder when 8799 is divided by 162?
51
What is the remainder when 21887 is divided by 58?
21
Calculate the remainder when 13087 is divided by 120.
7
What is the remainder when 22871 is divided by 919?
815
Calculate the remainder when 4973 is divided by 1472.
557
Calculate the remainder when 1818 is divided by 344.
98
Calculate the remainder when 1808 is divided by 118.
38
What is the remainder when 41771 is divided by 236?
235
What is the remainder when 18629 is divided by 35?
9
Calculate the remainder when 1723198 is divided by 17.
10
What is the remainder when 5411 is divided by 451?
450
What is the remainder when 8915 is divided by 38?
23
What is the remainder when 271457 is divided by 198?
197
What is the remainder when 20184 is divided by 412?
408
What is the remainder when 5303 is divided by 1094?
927
Calculate the remainder when 7560 is divided by 17.
12
What is the remainder when 7430 is divided by 177?
173
Calculate the remainder when 58118 is divided by 361.
358
Calculate the remainder when 1189 is divided by 426.
337
What is the remainder when 1787 is divided by 188?
95
Calculate the remainder when 22091 is divided by 45.
41
What is the remainder when 322750 is divided by 847?
43
What is the remainder when 4416 is divided by 3809?
607
Calculate the remainder when 12725 is divided by 63.
62
Calculate the remainder when 3702 is divided by 276.
114
What is the remainder when 1982 is divided by 32?
30
Calculate the remainder when 1845 is divided by 11.
8
What is the remainder when 2383587 is divided by 15?
12
What is the remainder when 67917 is divided by 16978?
5
Calculate the remainder when 110400 is divided by 7.
3
What is the remainder when 341871 is divided by 114?
99
What is the remainder when 652 is divided by 163?
0
What is the remainder when 3999 is divided by 1969?
61
Calculate the remainder when 7017 is divided by 69.
48
Calculate the remainder when 795559 is divided by 16.
7
What is the remainder when 64694 is divided by 21557?
23
Calculate the remainder when 20993 is divided by 80.
33
Calculate the remainder when 9722 is divided by 75.
47
What is the remainder when 173013 is divided by 551?
550
Calculate the remainder when 6800 is divided by 456.
416
Calculate the remainder when 54747 is divided by 87.
24
Calculate the remainder when 7778 is divided by 1935.
38
Calculate the remainder when 1240322 is divided by 206.
202
Calculate the remainder when 4476 is divided by 64.
60
What is the remainder when 54162 is divided by 72?
18
Calculate the remainder when 120256 is divided by 28.
24
Calculate the remainder when 305891 is divided by 89.
87
Calculate the remainder when 1280 is divided by 283.
148
Calculate the remainder when 11654 is divided by 18.
8
What is the remainder when 60975 is divided by 30465?
45
Calculate the remainder when 856544 is divided by 29536.
0
Calculate the remainder when 481 is divided by 462.
19
Calculate the remainder when 104931 is divided by 19.
13
Calculate the remainder when 1483458 is divided by 1169.
1166
What is the remainder when 45827 is divided by 49?
12
Calculate the remainder when 45965 is divided by 371.
332
Calculate the remainder when 16440 is divided by 355.
110
What is the remainder when 4981 is divided by 41?
20
Calculate the remainder when 9646 is divided by 16.
14
Calculate the remainder when 4098 is divided by 895.
518
Calculate the remainder when 255822 is divided by 937.
21
Calculate the remainder when 34245 is divided by 6.
3
Calculate the remainder when 9815 is divided by 90.
5
What is the remainder when 30028 is divided by 1220?
748
What is the remainder when 1073 is divided by 312?
137
What is the remainder when 31125 is divided by 4440?
45
What is the remainder when 8013 is divided by 53?
10
Calculate the remainder when 10604 is divided by 392.
20
What is the remainder when 161324 is divided by 1716?
20
What is the remainder when 1649782 is divided by 1649782?
0
Calculate the remainder when 7596 is divided by 1085.
1
Calculate the remai